
{"id":137,"date":"2021-06-24T06:53:31","date_gmt":"2021-06-24T04:53:31","guid":{"rendered":"https:\/\/przedszkole57.edu.wroclaw.pl\/?page_id=137"},"modified":"2025-08-28T13:19:42","modified_gmt":"2025-08-28T11:19:42","slug":"zajecia-dodatkowe","status":"publish","type":"page","link":"https:\/\/przedszkole57.edu.wroclaw.pl\/index.php\/zajecia-dodatkowe\/","title":{"rendered":"Zaj\u0119cia dodatkowe w roku szkolnym 2025\/2026"},"content":{"rendered":"<div class=\"wpb-content-wrapper\"><p>[vc_row][vc_column][vc_column_text css=&#8221;&#8221;]<span style=\"font-family: arial, helvetica, sans-serif;font-size: 24pt\"><strong>GIMNASTYKA<\/strong> z PANI\u0104 IRENK\u0104<\/span><\/p>\n<p><span style=\"font-family: arial, helvetica, sans-serif;font-size: 24pt\"><strong>RYTMIKA<\/strong> z PANI\u0104 MONIK\u0104<\/span><\/p>\n<p><span style=\"font-family: arial, helvetica, sans-serif;font-size: 24pt\"><strong>MALI WSPANIALI<\/strong> z PANI\u0104 ANI\u0104<\/span><\/p>\n<p><span style=\"font-size: 24pt\"><strong>ANGIELSKI<\/strong> Z PANI\u0104 EWELIN\u0104<\/span><\/p>\n<p><span style=\"font-size: 24pt;color: #3366ff\">ZAJ\u0118CIA POPO\u0141UDNIOE DODATKOWO P\u0141ATNE (OD 15.00)<\/span><\/p>\n<p><span style=\"font-size: 24pt\"><strong>TA\u0143CE &#8211; PONIEDZIA\u0141EK<\/strong><\/span><\/p>\n<p><span style=\"font-size: 24pt\"><strong>PI\u0141KA NO\u017bNA &#8211; ALLETIC SPORTS -WTOREK &#8211; zaj\u0119cia wstrzymane na czas remontu<\/strong><\/span><\/p>\n<p><strong><span style=\"font-size: 24pt\">TEATR &#8211; CZWARTEK<\/span><\/strong><\/p>\n<p><strong><span style=\"font-size: 24pt\">ANIMANIA &#8211; PONIEDZIA\u0141EK, WTOREK<\/span><\/strong><\/p>\n<p>Zaj\u0119cia rozpoczynaj\u0105 si\u0119 w Pa\u017adzierniku[\/vc_column_text][\/vc_column][\/vc_row]<\/p>\n<\/div>","protected":false},"excerpt":{"rendered":"<p>[vc_row][vc_column][vc_column_text css=&#8221;&#8221;]GIMNASTYKA z PANI\u0104 IRENK\u0104 RYTMIKA z PANI\u0104 MONIK\u0104 MALI WSPANIALI z PANI\u0104 ANI\u0104 ANGIELSKI Z PANI\u0104 EWELIN\u0104 ZAJ\u0118CIA POPO\u0141UDNIOE DODATKOWO P\u0141ATNE (OD 15.00) TA\u0143CE &#8211; PONIEDZIA\u0141EK PI\u0141KA NO\u017bNA &#8211; [&hellip;]<\/p>\n","protected":false},"author":15,"featured_media":0,"parent":0,"menu_order":0,"comment_status":"closed","ping_status":"closed","template":"","meta":{"ngg_post_thumbnail":0,"footnotes":""},"class_list":["post-137","page","type-page","status-publish","hentry","clearfix"],"_links":{"self":[{"href":"https:\/\/przedszkole57.edu.wroclaw.pl\/index.php\/wp-json\/wp\/v2\/pages\/137","targetHints":{"allow":["GET"]}}],"collection":[{"href":"https:\/\/przedszkole57.edu.wroclaw.pl\/index.php\/wp-json\/wp\/v2\/pages"}],"about":[{"href":"https:\/\/przedszkole57.edu.wroclaw.pl\/index.php\/wp-json\/wp\/v2\/types\/page"}],"author":[{"embeddable":true,"href":"https:\/\/przedszkole57.edu.wroclaw.pl\/index.php\/wp-json\/wp\/v2\/users\/15"}],"replies":[{"embeddable":true,"href":"https:\/\/przedszkole57.edu.wroclaw.pl\/index.php\/wp-json\/wp\/v2\/comments?post=137"}],"version-history":[{"count":8,"href":"https:\/\/przedszkole57.edu.wroclaw.pl\/index.php\/wp-json\/wp\/v2\/pages\/137\/revisions"}],"predecessor-version":[{"id":3052,"href":"https:\/\/przedszkole57.edu.wroclaw.pl\/index.php\/wp-json\/wp\/v2\/pages\/137\/revisions\/3052"}],"wp:attachment":[{"href":"https:\/\/przedszkole57.edu.wroclaw.pl\/index.php\/wp-json\/wp\/v2\/media?parent=137"}],"curies":[{"name":"wp","href":"https:\/\/api.w.org\/{rel}","templated":true}]}}