
{"id":128,"date":"2021-06-24T06:51:05","date_gmt":"2021-06-24T04:51:05","guid":{"rendered":"https:\/\/przedszkole57.edu.wroclaw.pl\/?page_id=128"},"modified":"2023-01-27T19:57:21","modified_gmt":"2023-01-27T18:57:21","slug":"programy","status":"publish","type":"page","link":"https:\/\/przedszkole57.edu.wroclaw.pl\/index.php\/programy\/","title":{"rendered":"Programy"},"content":{"rendered":"<div class=\"wpb-content-wrapper\"><p>[vc_row][vc_column][vc_column_text]<span style=\"font-family: arial, helvetica, sans-serif;font-size: 18pt\"><strong><b>W naszym przedszkolu Podstawa Programowa Wychowania Przedszkolnego realizowana jest w oparciu o nast\u0119puj\u0105ce programy:<\/b><\/strong><strong><b>\u00a0<\/b><\/strong><\/span><\/p>\n<p><span style=\"font-family: arial, helvetica, sans-serif;font-size: 18pt\"><strong><b>PROGRAM WYCHOWANIA PRZEDSZKOLNEGO<\/b><\/strong><\/span><\/p>\n<p><span style=\"font-family: arial, helvetica, sans-serif;font-size: 18pt\">(autor: W. \u017baba \u2013 \u017babi\u0144ska; W . Majewska; R. Pa\u017adzio)<\/span><\/p>\n<p><span style=\"font-family: arial, helvetica, sans-serif;font-size: 18pt\">realizowany w grupach dzieci 3 letnich<\/span><\/p>\n<p><span style=\"font-family: arial, helvetica, sans-serif;font-size: 18pt\"><strong><b>PLANETA DZIECI. PRAWDA DOBRO PI\u0118KNO W \u015aWIECIE WARTO\u015aCI<\/b><\/strong><\/span><\/p>\n<p><span style=\"font-family: arial, helvetica, sans-serif;font-size: 18pt\">(autorka: Jolanta Wasilewska)<\/span><\/p>\n<p><span style=\"font-family: arial, helvetica, sans-serif;font-size: 18pt\">realizowany w grupach dzieci 4 letnich<\/span><\/p>\n<p><span style=\"font-family: arial, helvetica, sans-serif;font-size: 18pt\"><strong><b>PLANETA DZIECI. PRAWDA DOBRO PI\u0118KNO W \u015aWIECIE WARTO\u015aCI<\/b><\/strong><\/span><\/p>\n<p><span style=\"font-family: arial, helvetica, sans-serif;font-size: 18pt\">(autorka: Jolanta Wasilewska)<\/span><\/p>\n<p><span style=\"font-family: arial, helvetica, sans-serif;font-size: 18pt\">realizowany w grupach dzieci 5 letnich<\/span><\/p>\n<p><span style=\"font-family: arial, helvetica, sans-serif;font-size: 18pt\"><strong><b>ROZW\u00d3J &#8211; WYCHOWANIE \u2013 EDUKACJA<\/b><\/strong><\/span><\/p>\n<p><span style=\"font-family: arial, helvetica, sans-serif;font-size: 18pt\">(autorzy: A. Stalmach-Tkacz, K. Mucha; wydawnictwo Nowa Era)<\/span><\/p>\n<p><span style=\"font-family: arial, helvetica, sans-serif;font-size: 18pt\">realizowany w grupach dzieci 6-letnich<\/span><\/p>\n<p>&nbsp;<\/p>\n<p><span style=\"font-family: arial, helvetica, sans-serif;font-size: 18pt\"><strong><b>DODATKOWO W BIE\u017b\u0104CYM ROKU SZKOLNYM B\u0118D\u0104 REALIZOWANE NAST\u0118PUJ\u0104CE PROGRAMY:<\/b><\/strong><\/span><\/p>\n<p><span style=\"font-family: arial, helvetica, sans-serif;font-size: 18pt\"><strong><b>PROGRAM EDUKACJI EKOLOGICZNEJ &#8222;KA\u017bDEMU PRZEDSZKOLAKOWI JEST <\/b><\/strong><strong><b>BLISKA OCHRONA \u015aRODOWISKA&#8221;<\/b><\/strong><\/span><\/p>\n<p><span style=\"font-family: arial, helvetica, sans-serif;font-size: 18pt\"><strong><b>PROGRAM EDUKACJI MUZYCZNEJ W OPARCIU O TEORI\u0118 UCZENIA SI\u0118 <\/b><\/strong><strong><b>MUZYKI EDWINA ELIASA GORDONA<\/b><\/strong><\/span><\/p>\n<p><span style=\"font-family: arial, helvetica, sans-serif;font-size: 18pt\"><strong><b>PROGRAM CZYTELNICZY DLA DZIECI W WIEKU PRZEDSZKOLNYM &#8222;<\/b><\/strong><strong><b>CZYTAJ\u0104CE PRZEDSZKOLE&#8221;<\/b><\/strong><\/span><\/p>\n<p><span style=\"font-family: arial, helvetica, sans-serif;font-size: 18pt\"><strong><b>\u00a0<\/b><\/strong><strong><b>PROGRAM ZAJ\u0118\u0106 DRAMOWYCH\u00a0 &#8222;WIDZ\u0118 TO,<\/b><\/strong><strong><b>CZEGO TY NIE WIDZISZ&#8221;<\/b><\/strong><\/span><\/p>\n<p><span style=\"font-family: arial, helvetica, sans-serif;font-size: 18pt\"><strong><b>\u00a0<\/b><\/strong><\/span><\/p>\n<p><span style=\"font-family: arial, helvetica, sans-serif;font-size: 18pt\"><strong><b>NASZE PRZEDSZKOLE REALIZUJE R\u00d3WNIE\u017b PROJEKTY EDUKACYJNE:<\/b><\/strong><\/span><\/p>\n<p><span style=\"font-family: arial, helvetica, sans-serif;font-size: 18pt\"><strong><b>&#8222;WR\u00d3BELKA ELEMELKA POZNAJEMY, Z NIM PRZYGODY DZIELI\u0106 CHCEMY&#8221;<\/b><\/strong><\/span><\/p>\n<p><span style=\"font-family: arial, helvetica, sans-serif;font-size: 18pt\"><strong><b>&#8222;GRAMY ZMYS\u0141AMI&#8221;<\/b><\/strong><\/span><\/p>\n<p><span style=\"font-family: arial, helvetica, sans-serif;font-size: 18pt\"><strong><b>&#8222;NAUKOWE DO\u015aWIADCZENIA PRZEDSZKOLAKA&#8221;<\/b><\/strong><\/span><\/p>\n<p><span style=\"font-family: arial, helvetica, sans-serif;font-size: 18pt\"><strong><b>&#8222;MIGOWY DLA DZIECI&#8221;<\/b><\/strong><\/span>[\/vc_column_text][\/vc_column][\/vc_row]<\/p>\n<\/div>","protected":false},"excerpt":{"rendered":"<p>[vc_row][vc_column][vc_column_text]W naszym przedszkolu Podstawa Programowa Wychowania Przedszkolnego realizowana jest w oparciu o nast\u0119puj\u0105ce programy:\u00a0 PROGRAM WYCHOWANIA PRZEDSZKOLNEGO (autor: W. \u017baba \u2013 \u017babi\u0144ska; W . Majewska; R. Pa\u017adzio) realizowany w grupach [&hellip;]<\/p>\n","protected":false},"author":15,"featured_media":0,"parent":0,"menu_order":0,"comment_status":"closed","ping_status":"closed","template":"","meta":{"ngg_post_thumbnail":0,"footnotes":""},"class_list":["post-128","page","type-page","status-publish","hentry","clearfix"],"_links":{"self":[{"href":"https:\/\/przedszkole57.edu.wroclaw.pl\/index.php\/wp-json\/wp\/v2\/pages\/128","targetHints":{"allow":["GET"]}}],"collection":[{"href":"https:\/\/przedszkole57.edu.wroclaw.pl\/index.php\/wp-json\/wp\/v2\/pages"}],"about":[{"href":"https:\/\/przedszkole57.edu.wroclaw.pl\/index.php\/wp-json\/wp\/v2\/types\/page"}],"author":[{"embeddable":true,"href":"https:\/\/przedszkole57.edu.wroclaw.pl\/index.php\/wp-json\/wp\/v2\/users\/15"}],"replies":[{"embeddable":true,"href":"https:\/\/przedszkole57.edu.wroclaw.pl\/index.php\/wp-json\/wp\/v2\/comments?post=128"}],"version-history":[{"count":6,"href":"https:\/\/przedszkole57.edu.wroclaw.pl\/index.php\/wp-json\/wp\/v2\/pages\/128\/revisions"}],"predecessor-version":[{"id":1969,"href":"https:\/\/przedszkole57.edu.wroclaw.pl\/index.php\/wp-json\/wp\/v2\/pages\/128\/revisions\/1969"}],"wp:attachment":[{"href":"https:\/\/przedszkole57.edu.wroclaw.pl\/index.php\/wp-json\/wp\/v2\/media?parent=128"}],"curies":[{"name":"wp","href":"https:\/\/api.w.org\/{rel}","templated":true}]}}

<div class="wpb-content-wrapper"><p>[vc_row][vc_column][vc_column_text]<span style="font-family: arial, helvetica, sans-serif;font-size: 18pt"><strong><b>W naszym przedszkolu Podstawa Programowa Wychowania Przedszkolnego realizowana jest w oparciu o następujące programy:</b></strong><strong><b> </b></strong></span></p>
<p><span style="font-family: arial, helvetica, sans-serif;font-size: 18pt"><strong><b>PROGRAM WYCHOWANIA PRZEDSZKOLNEGO</b></strong></span></p>
<p><span style="font-family: arial, helvetica, sans-serif;font-size: 18pt">(autor: W. Żaba – Żabińska; W . Majewska; R. Paździo)</span></p>
<p><span style="font-family: arial, helvetica, sans-serif;font-size: 18pt">realizowany w grupach dzieci 3 letnich</span></p>
<p><span style="font-family: arial, helvetica, sans-serif;font-size: 18pt"><strong><b>PLANETA DZIECI. PRAWDA DOBRO PIĘKNO W ŚWIECIE WARTOŚCI</b></strong></span></p>
<p><span style="font-family: arial, helvetica, sans-serif;font-size: 18pt">(autorka: Jolanta Wasilewska)</span></p>
<p><span style="font-family: arial, helvetica, sans-serif;font-size: 18pt">realizowany w grupach dzieci 4 letnich</span></p>
<p><span style="font-family: arial, helvetica, sans-serif;font-size: 18pt"><strong><b>PLANETA DZIECI. PRAWDA DOBRO PIĘKNO W ŚWIECIE WARTOŚCI</b></strong></span></p>
<p><span style="font-family: arial, helvetica, sans-serif;font-size: 18pt">(autorka: Jolanta Wasilewska)</span></p>
<p><span style="font-family: arial, helvetica, sans-serif;font-size: 18pt">realizowany w grupach dzieci 5 letnich</span></p>
<p><span style="font-family: arial, helvetica, sans-serif;font-size: 18pt"><strong><b>ROZWÓJ &#8211; WYCHOWANIE – EDUKACJA</b></strong></span></p>
<p><span style="font-family: arial, helvetica, sans-serif;font-size: 18pt">(autorzy: A. Stalmach-Tkacz, K. Mucha; wydawnictwo Nowa Era)</span></p>
<p><span style="font-family: arial, helvetica, sans-serif;font-size: 18pt">realizowany w grupach dzieci 6-letnich</span></p>
<p>&nbsp;</p>
<p><span style="font-family: arial, helvetica, sans-serif;font-size: 18pt"><strong><b>DODATKOWO W BIEŻĄCYM ROKU SZKOLNYM BĘDĄ REALIZOWANE NASTĘPUJĄCE PROGRAMY:</b></strong></span></p>
<p><span style="font-family: arial, helvetica, sans-serif;font-size: 18pt"><strong><b>PROGRAM EDUKACJI EKOLOGICZNEJ &#8222;KAŻDEMU PRZEDSZKOLAKOWI JEST </b></strong><strong><b>BLISKA OCHRONA ŚRODOWISKA&#8221;</b></strong></span></p>
<p><span style="font-family: arial, helvetica, sans-serif;font-size: 18pt"><strong><b>PROGRAM EDUKACJI MUZYCZNEJ W OPARCIU O TEORIĘ UCZENIA SIĘ </b></strong><strong><b>MUZYKI EDWINA ELIASA GORDONA</b></strong></span></p>
<p><span style="font-family: arial, helvetica, sans-serif;font-size: 18pt"><strong><b>PROGRAM CZYTELNICZY DLA DZIECI W WIEKU PRZEDSZKOLNYM &#8222;</b></strong><strong><b>CZYTAJĄCE PRZEDSZKOLE&#8221;</b></strong></span></p>
<p><span style="font-family: arial, helvetica, sans-serif;font-size: 18pt"><strong><b> </b></strong><strong><b>PROGRAM ZAJĘĆ DRAMOWYCH  &#8222;WIDZĘ TO,</b></strong><strong><b>CZEGO TY NIE WIDZISZ&#8221;</b></strong></span></p>
<p><span style="font-family: arial, helvetica, sans-serif;font-size: 18pt"><strong><b> </b></strong></span></p>
<p><span style="font-family: arial, helvetica, sans-serif;font-size: 18pt"><strong><b>NASZE PRZEDSZKOLE REALIZUJE RÓWNIEŻ PROJEKTY EDUKACYJNE:</b></strong></span></p>
<p><span style="font-family: arial, helvetica, sans-serif;font-size: 18pt"><strong><b>&#8222;WRÓBELKA ELEMELKA POZNAJEMY, Z NIM PRZYGODY DZIELIĆ CHCEMY&#8221;</b></strong></span></p>
<p><span style="font-family: arial, helvetica, sans-serif;font-size: 18pt"><strong><b>&#8222;GRAMY ZMYSŁAMI&#8221;</b></strong></span></p>
<p><span style="font-family: arial, helvetica, sans-serif;font-size: 18pt"><strong><b>&#8222;NAUKOWE DOŚWIADCZENIA PRZEDSZKOLAKA&#8221;</b></strong></span></p>
<p><span style="font-family: arial, helvetica, sans-serif;font-size: 18pt"><strong><b>&#8222;MIGOWY DLA DZIECI&#8221;</b></strong></span>[/vc_column_text][/vc_column][/vc_row]</p>
</div>

<p>[vc_row][vc_column][vc_column_text]W naszym przedszkolu Podstawa Programowa Wychowania Przedszkolnego realizowana jest w oparciu o następujące programy:  PROGRAM WYCHOWANIA PRZEDSZKOLNEGO (autor: W. Żaba – Żabińska; W . Majewska; R. Paździo) realizowany w grupach [&hellip;]</p>
