
{"id":120,"date":"2021-06-24T06:47:17","date_gmt":"2021-06-24T04:47:17","guid":{"rendered":"https:\/\/przedszkole57.edu.wroclaw.pl\/?page_id=120"},"modified":"2025-01-28T14:40:07","modified_gmt":"2025-01-28T13:40:07","slug":"misja-i-wizja","status":"publish","type":"page","link":"https:\/\/przedszkole57.edu.wroclaw.pl\/index.php\/misja-i-wizja\/","title":{"rendered":"Misja i wizja"},"content":{"rendered":"<div data-canvas-width=\"300.12674863938724\"><span style=\"font-family: 'arial black', 'avant garde';font-size: 18pt\"><strong>Tak naprawd\u0119 to s\u0105 tylko dwie rzeczy,<\/strong><\/span><\/div>\n<div data-canvas-width=\"261.3353759322717\"><span style=\"font-family: 'arial black', 'avant garde';font-size: 18pt\"><strong>w kt\u00f3re mo\u017cna wyposa\u017cy\u0107 dzieci:<\/strong><\/span><\/div>\n<div data-canvas-width=\"222.54400322515622\"><span style=\"font-family: 'arial black', 'avant garde';font-size: 18pt\"><strong>pierwsz\u0105 s\u0105 korzenie, drug\u0105 <\/strong><\/span><span style=\"font-family: 'arial black', 'avant garde';font-size: 18pt\"><strong>\u2013 <\/strong><\/span><span style=\"font-family: 'arial black', 'avant garde';font-size: 18pt\"><strong>skrzyd\u0142a.&#8221;<\/strong><\/span><\/div>\n<div data-canvas-width=\"124.91586373714976\"><\/div>\n<div data-canvas-width=\"124.91586373714976\"><span style=\"font-family: arial, helvetica, sans-serif;font-size: 14pt\"><strong>Hadding Carter<\/strong><\/span><\/div>\n<div data-canvas-width=\"124.91586373714976\"><\/div>\n<div data-canvas-width=\"124.91586373714976\">\n<p>Przedszkole pe\u0142ni funkcje opieku\u0144cze, wychowawcze i kszta\u0142c\u0105ce. Wspomaga wszechstronny rozw\u00f3j dziecka odpowiednio do jego indywidualnych potrzeb i mo\u017cliwo\u015bci. Tworzy bezpieczne warunki do wsp\u00f3lnej zabawy i nauki.<\/p>\n<p>Promuje dbanie o zdrowie fizyczne i psychiczne oraz zachowania przyjazne przyrodzie, buduje poczucie to\u017csamo\u015bci regionalnej i narodowej, rozwija kompetencje spo\u0142eczne, a tak\u017ce uczy odr\u00f3\u017cniania dobra od z\u0142a. Pe\u0142ni r\u00f3wnie\u017c funkcj\u0119 doradcz\u0105 i wspieraj\u0105c\u0105 dzia\u0142ania wychowawcze wobec rodzic\u00f3w. Celem edukacji przedszkolnej jest osi\u0105gni\u0119cie przez dziecko stanu gotowo\u015bci do podj\u0119cia nauki w szkole podstawowej.<\/p>\n<\/div>\n","protected":false},"excerpt":{"rendered":"<p>Tak naprawd\u0119 to s\u0105 tylko dwie rzeczy, w kt\u00f3re mo\u017cna wyposa\u017cy\u0107 dzieci: pierwsz\u0105 s\u0105 korzenie, drug\u0105 \u2013 skrzyd\u0142a.&#8221; Hadding Carter Przedszkole pe\u0142ni funkcje opieku\u0144cze, wychowawcze i kszta\u0142c\u0105ce. Wspomaga wszechstronny rozw\u00f3j [&hellip;]<\/p>\n","protected":false},"author":15,"featured_media":0,"parent":0,"menu_order":0,"comment_status":"closed","ping_status":"closed","template":"","meta":{"ngg_post_thumbnail":0,"footnotes":""},"class_list":["post-120","page","type-page","status-publish","hentry","clearfix"],"_links":{"self":[{"href":"https:\/\/przedszkole57.edu.wroclaw.pl\/index.php\/wp-json\/wp\/v2\/pages\/120","targetHints":{"allow":["GET"]}}],"collection":[{"href":"https:\/\/przedszkole57.edu.wroclaw.pl\/index.php\/wp-json\/wp\/v2\/pages"}],"about":[{"href":"https:\/\/przedszkole57.edu.wroclaw.pl\/index.php\/wp-json\/wp\/v2\/types\/page"}],"author":[{"embeddable":true,"href":"https:\/\/przedszkole57.edu.wroclaw.pl\/index.php\/wp-json\/wp\/v2\/users\/15"}],"replies":[{"embeddable":true,"href":"https:\/\/przedszkole57.edu.wroclaw.pl\/index.php\/wp-json\/wp\/v2\/comments?post=120"}],"version-history":[{"count":5,"href":"https:\/\/przedszkole57.edu.wroclaw.pl\/index.php\/wp-json\/wp\/v2\/pages\/120\/revisions"}],"predecessor-version":[{"id":2930,"href":"https:\/\/przedszkole57.edu.wroclaw.pl\/index.php\/wp-json\/wp\/v2\/pages\/120\/revisions\/2930"}],"wp:attachment":[{"href":"https:\/\/przedszkole57.edu.wroclaw.pl\/index.php\/wp-json\/wp\/v2\/media?parent=120"}],"curies":[{"name":"wp","href":"https:\/\/api.w.org\/{rel}","templated":true}]}}